4
Evaluate 12 + ((2 - 1 - 1) + 0 - 0).
12
Evaluate (-19 - 2) + -1 - (-10 - -2).
-14
9 - (19 + (2 - -1) + -7)
-6
Evaluate -26 + 11 + 14 + 36.
35
What is the value of (1 - -3 - (-14 - -20)) + (3 - 2)?
-1
Calculate 8 + 16 + -7 - (-5 - -3 - 9).
28
-5 - (-2 + -7 + 13 - -4)
-13
What is 14 + (-4 - -1) - ((-12 - -8) + 2)?
13
14 + -41 + 40 - (-1 - (0 + -1))
13
What is the value of 8 - (10 + -1 - (-63 - -60))?
-4
What is 3 + (0 + -4 - -11 - 5)?
5
6 + 4 + (-3 - 1) + -24 - -5
-13
What is 14 - (-10 - (-8 - (3 + -1))) - -5?
19
What is -3 + 0 + (0 - 0) + (-386 - -384)?
-5
(8 - 29 - -1) + -19 + 6
-33
Calculate -28 + (-5 - -7 - -2 - 2).
-26
What is the value of 17 + -3 + (-46 - -59)?
27
What is the value of -24 + 16 + -14 + (5 - 1)?
-18
Calculate -4 - (3 + -13 + 3) - 8 - 0.
-5
What is -491 + 466 - (-41 - -1)?
15
What is 13 + 17 + -52 + 14 - (19 - -2)?
-29
Calculate (1 - 3 - -16) + -24 + 15.
5
6 + -2 + 16 + -21
-1
What is the value of -1 + (2 - (25 + -2)) - (-668 - -663)?
-17
Evaluate 566 + -564 + 9 + 1.
12
Evaluate 4 + 1 - (-3 - (-22 + 8)).
-6
What is the value of -4 + 9 + 1 + -5 + -10 - 0?
-9
(23 - 3) + -49 + 36
7
Evaluate -1 - 4 - (1 + 28) - (-11 - -3).
-26
Calculate 1 + 2 + (-54 - -43).
-8
Evaluate -1 + (-1 - 0) + -12 + 6 - 6.
-14
What is (33 - 31) + -2 + 1 - -3?
4
(6 - -7) + -9 - 10
-6
Calculate (10 - 2) + (1 - 1) + -2.
6
Calculate 34 - 41 - (-26 + -2).
21
What is the value of 2 - (-6 - (-22 - 6)) - (4 - 11)?
-13
Evaluate (-13 - 16 - -38) + -43.
-34
1 + -25 - (97 - 92)
-29
6 + (11 + -5 - 6)
6
What is the value of (-2 - (-1 - -1)) + (-3 - (0 - 1))?
-4
What is the value of 0 + -12 + (22 - -1) + 112 + -140?
-17
What is 365 + -357 + (-26 + (-1 - -4) - 1)?
-16
Calculate 8 - (-15 - (-28 + 13)) - (-1 + 6).
3
What is the value of (1 - 3 - 3) + (88 - 73)?
10
1 - 2 - ((-2 - 3) + 17 + -21)
8
What is the value of -3 + (1 - 5) + 3 + 8 + -11?
-7
Evaluate 11 - (-12 + 15 + -8 + 13) - 32.
-29
What is 17 - (14 + (14 - 19))?
8
What is -27 + 43 + 10 - 8?
18
Evaluate (-38 - -26 - -61) + -32.
17
What is (-13 - (-18 - -11) - 34) + 17?
-23
What is (170 + -71 - 87) + (-3 - 1) + -1?
7
(2 - 42) + (-469 - -486)
-23
Calculate 63 + (-39 - (18 + -26)).
32
Evaluate (3 - 3) + -1 - (11 + -2).
-10
Calculate -17 + 4 + -4 + (39 - 29).
-7
Calculate 7 + 24 + -34 + 11.
8
What is the value of 2 - -6 - (-14 + 35 + 1)?
-14
What is the value of 9 - 8 - ((-6 - (-4 - 1)) + -6)?
8
What is (57 - 40) + -3 + -3?
11
What is 17 + -19 + -8 - (-5 + -2)?
-3
What is the value of (-3 - (-5 + 8) - (-1 + -8)) + 8?
11
Calculate 35 + (-34 - -16) - -10.
27
What is 16 + (-21 + 6 - 5)?
-4
(9 - 0 - 8) + 9 + -4
6
What is 219 + -209 + (-1 + (-3 - -2) - 18)?
-10
What is the value of -1767 + 1765 + (21 - (-1 - 1))?
21
Evaluate (-6 - 24) + (11 - -6).
-13
What is -5 + -1 - (-18 + 13) - -22?
21
What is the value of -16 - 1 - (-32 - 47 - -49)?
13
34 + 30 + (41 - 89)
16
Calculate 23 - 1 - ((-35 - 29) + 54).
32
Calculate (-4 + 9 + 0 + -1 - 5) + -17.
-18
-1 - (18 - 22 - (5 + 1))
9
Evaluate -10 - ((1 + -7 - (25 + -31)) + 2).
-12
-2 + 42 + -9 + -24
7
What is (-2 - -10) + (-3 - -6) + 10 + -14?
7
Evaluate -3 - 1 - (1 - 14 - 4).
13
Calculate 11 - -1 - (37 + -1 - 5).
-19
What is the value of (5 - (4 + 16)) + (63 - 57)?
-9
What is the value of 29 + 14 + 12 + -36?
19
What is the value of (4 - (-15 - -32) - -8) + 2?
-3
What is 8 + 6 + -12 + -4 + -3?
-5
What is the value of (-25 - -24) + (7 - 18)?
-12
Calculate -7 + 1 + (-2 - -13) - -2 - 32.
-25
What is 1 + (-1 - (5 + -5)) + 4 + -3?
1
Calculate 4 - (-7 - -15 - 1) - (-2 + 33).
-34
Evaluate -14 + 1 + 14 - (0 - (-1 - -10)).
10
(9 - ((-2 - 8) + 13)) + (9 - 1)
14
What is the value of -26 - (24 + -2 + -9)?
-39
22 - (-36 - (-37 - 4))
17
(-8 - (-22 - -8)) + 1 - 13
-6
-22 + 45 + -17 + -18
-12
Evaluate (4 - -15) + (-17 - -5).
7
Evaluate 17 + -1 - (27 + (-57 - -37)).
9
Evaluate (7 + 1 + -4 - -4) + 4.
12
Evaluate (-8 - (3 + -21)) + -4 + 6 + -5.
7
What is -1 + 2 + 1 + 3 - (-72 - -72)?
5
Calculate -6 - (29 + -32 + (-8 - -1) + 15).
-11
What is the value of 0 + -1 - (7 + -9) - -10?
11
What is the value of -15 - -10 - (-12 - -18)?
-11
9 + -4 - (-54 - -45)
14
Evaluate 30 + -22 + -30 + 2 + 4.
-16
-38 - -8 - 31 - -32
-29
What is -103 + (12 - -22) + 33?
-36
Calculate 14 - (8 + 4 + 0).
2
Calculate 72 - 9 - (136 + -92).
19
Calculate (-88 - -103) + 1 + 0.
16
-6 + (11 - (-10 - -17 - 29))
27
Evaluate 10 + 1 + -2 + (-33 - -20).
-4
Calculate -4 - (-2 + 8 - 5) - (-19 + 2).
12
What is the value of (1 - 6) + 1 + 0 + 2 + 21?
19
(11 - 39) + 36 + -28
-20
Calculate 94 + -61 - (24 + -3).
12
What is 15 + 6 + (-10 - (6 - -1))?
4
What is the value of 18 + (21 - (-21 - -48))?
12
What is (-2 - -5) + -9 + -2 + 0 + -7?
-15
What is the value of -11 + (15 - 2 - 11) + 26?
17
Evaluate -4 + -2 - (9 + -7) - (2 - -1).
-11
What is (-5 + 6 - 14) + 8 - -1?
-4
What is the value of -32 - (-12 - -31) - -27?
-24
-8 - (0 - 1 - 7)
0
6 - (-9 + 6) - 11
-2
What is the value of ((13 - 9) + 13 - 12) + 4?
9
What is the value of 3 + -6 - (-48 + 37)?
8
(-68 - -68) + (-22 - -1)
-21
Evaluate -31 + 28 + (3 - 5) - 6.
-11
8 - (10 + (-15 - -15))
-2
Calculate 0 + 4 + -14 + 29 + -31.
-12
What is (14 - (-45 + 31)) + -17?
11
What is 3 + 20 + -30 + (0 - -9)?
2
Calculate -8 + 9 + 1 + -27.
-25
Calculate 2 - 5 - (18 + -7 + -12).
-2
Evaluate 3 + (-8 - 5) - (0 - 7).
-3
What is the value of -3 + -9 + (88 - 80)?
-4
Calculate (9 - (26 - 7)) + 5 - (-1 + 0).
-4
What is -2 + (6 + -1 - (-5 + (4 - 3)))?
7
What is the value of (-9 - -5) + -31 + 18?
-17
What is -11 - ((1 - (3 + 9)) + -5)?
5
Calculate -15 + (-14 + 24 + -25 - -10).
-20
Calculate 1 - -15 - (0 - -18).
-2
Calculate ((-9 - -81) + -12 - 28) + (-1 - 8).
23
Calculate (-1 - 0) + (13 - 2) + 1 - 46.
-35
What is 15 + -4 + -4 - (-1 - -30 - -4)?
-26
(3 - -10 - (31 + -9)) + (-3 - 1)
-13
-9 + (15 - (-1 + (4 - -4)))
-1
What is (16 - -95 - 103) + -5 + 1 + -1?
3
-12 - (-28 - (10 - 15))
11
Calculate (16 - 7 - -29) + (-8 - 7).
23
Calculate -1 + (8 - (11 + -32)).
28
What is the value of 12 + (-6 - 3 - 15)?
-12
What is the value of -4 + (-7 - -2 - -2) - (3 + 3)?
-13
(0 - 0) + (10 - 6) + -11 + 4
-3
What is (0 - -1 - (-63 + 47)) + 1?
18
What is the value of (9 - 9 - (-2 - -3)) + (3 - 1)?
1
What is (3 - (20 - 0)) + 124 + -121?
-14
48 - 59 - (5 - (-2 - -1))
-17
What is the value of -539 - -548 - (2 - -17)?
-10
Evaluate -2 + -18 + 28 - 30.
-22
What is the value of 6 + -13 + (6 - (4 + -5)) + -11?
-11
What is the value of 3 - 7 - (9 - (4 - (4 - 2)))?
-11
Evaluate 1 - (-14 - 17 - (1 - 11)).
22
What is 5 - ((3 - 1) + (1 - -2) + 2)?
-2
What is the value of 0 + -9 + -8 + 6 + 7 - -10?
6
-12 - 36 - -43 - (-4 + 1)
-2
What is (-8 - -25) + 1 + 6?
24
What is 7 - ((7 - -1) + (68 - 48))?
-21
What is 1 - ((8 - -7) + -6 + -2)?
-6
What is -5 + 10 + -4 + 0 - -10?
11
What is 8 - (41 + -41 - (-6 + 1))?
3
What is (-222 - -228) + (1 - 22)?
-15
(-1 - -25) + (1418 - 1461)
-19
6 + -14 + 2 + 0 + 8
2
Evaluate 10 - (5 + 6 + -20 + 2).
17
What is the value of -96 - -99 - (-2 + 2) - 2?
1
Calculate (1 - -3) + (-1 + 4 - 3 - 1).
3
What is the value of 22 + 6 + (-14 - -3) + 16 + -16?
17
What is 21 + (-22 + -7 - -20)?
12
What is the value of 16 - (48 + -18) - -8?
-6
What is 24 + -28 + 14 - -14?
24
Calculate -9 - (-3 - (-1 + -4 + -117 + 119)).
-9
What is the value of -12 + 3 - (-2 - 6) - 31?
-32
What is 10 - (24 - (-14 + 28))?
0
Evaluate -1 + -11 + ((-5 - 15) + 11 - -11).
-10
Calculate 17 - 2 - (-157 - -170).
2
What is 10 - ((-13 - -37) + -26)?
12
What is the value of (3 - -3) + 11 + -29?
-12
What is -5 - (11 + (-19 - 13) + 8)?
8
Evaluate 7 + -2 + 7 + -1.
11
Evaluate -27 - -23 - -14 - (1 - 2).
11
What is 21 - 16 - (-4 + 1 + 20)?
-12
Evaluate -10 - -25 - (-22 + 51).
-14
What is -1 + 2 + 14 + -23 + 22?
14
What is 11 + -10 + -4 - (-14 - -4)?
7
Evaluate -441 + 449 + 0 + 0 + 0.
8
What is 3 + 33 + (-16 - 6)?
14
-5 + 4 + 9 - 16 - 3
-11
What is the value of -28 + 6 + 35 - (39 - 3)?
-23
What is -31 + 41 - (-8 - (-2 + -1))?
15
What is 12 + 31 + -39 + 13?
17
3 + (-1 - -2) + (-5 - 3) - 4
-8
Calculate (-57 - 18) + 14 + 28 - (0 + 5).
-38
Evaluate 0 + (-19 - (-40 + 2) - 14).
5
What is the value of -6 + (3 - 4) + 6 + 0 - -5?
4
Calculate (-268 - -269) + (-19 - -4) + -1.
-15
What is -10 + (32 - 6 - 4 - 12)?
0
What is the value of 1 + -23 - (8 + -4 + 3 + 1)?
-30
What is the value of 10 - 2 - (